 + 936. What are the prime factors of p(-55)?
2, 13709
Let l(r) be the first derivative of -r**2/2 + 8*r - 1493. Let o(u) = -u**3 - 4*u**2 + 2. Let f be o(-2). What are the prime factors of l(f)?
2, 7
Let b(r) = -2212*r - 396. List the prime factors of b(-5).
2, 31, 43
Let u(x) be the first derivative of -x**3/3 + 31*x**2/2 + 89*x + 100. What are the prime factors of u(27)?
197
Let b(i) = i**2 - 49. Suppose 0 = -y - 5*y. Let g be b(y). Let n = g - -74. List the prime factors of n.
5
Let r = 205 - 190. Suppose r*q - 2*q = 4810. What are the prime factors of q?
2, 5, 37
Let m(x) = -x**2 - 13*x - 7. Let o be m(-6). Suppose 18*b - 23*b + o = 0. Suppose h - 18 = -p, -5*p - 50 = b*h - 9*h. What are the prime factors of h?
2, 5
Suppose -i - 1486 = -5*x - 0*i, i = 4*x - 1189. Let g = -115 + x. What are the prime factors of g?
2, 7, 13
Let v be (-1 - 6) + 1268/44*11. Let d be (-2 - -5) + (-2)/2. Suppose -5*b - d*z + v = -7*z, -4*b + 5*z = -248. List the prime factors of b.
2, 31
Let q(i) = i**3 - 19*i**2 + 3*i + 15849. What are the prime factors of q(0)?
3, 587
Let s = 9247 - 7061. List the prime factors of s.
2, 1093
Let t(s) = 10*s - 2. Let d = -23 + 52. Let q = d - 23. What are the prime factors of t(q)?
2, 29
Suppose 107848 - 74534 + 151126 = 30*v. What are the prime factors of v?
2, 29, 53
Let m(w) = 0*w**2 + 4*w + 0 - 6*w**2 + 2*w**3 + 4. Suppose -4*u = 4*n - 8, -5*u + 557 = -n + 541. List the prime factors of m(u).
2
Let r(g) = -g**2 + 220*g + 318. What are the prime factors of r(51)?
3, 331
What are the prime factors of (-11714)/(-6)*11/(11/3)?
5857
Let q(n) = n**3 - 6*n**2 - 8*n + 14. Let b be q(7). Suppose 2*w + 4*s + 10 = 0, -4*s - 32 = -w - b. Suppose -w*v + 25 = 10. What are the prime factors of v?
3
Let g = -4406 - -8729. List the prime factors of g.
3, 11, 131
Suppose 3*t = 18*t + 165. What are the prime factors of (843/(-9))/(t/99)?
3, 281
Let u(j) = j**2 - 12*j + 4. Let d be u(12). Let l be (-10)/(-6)*(6 - (-1 + d)). Suppose -m + 37 = -5*z + 4, 3*m - l*z = 49. List the prime factors of m.
2
Let d(n) = -22*n**2 - 15*n - 29. Let a(t) = -t**2 - 1. Let l(x) = -3*a(x) - d(x). List the prime factors of l(-3).
2, 53
Suppose -5*q + 5*s = -134 - 1, -5*s + 25 = 0. Suppose -3*b - q = -r + 170, -223 = -r - 4*b. List the prime factors of r.
211
What are the prime factors of (-42)/(-14) + 7398 + -8?
7393
Let k = 2 + 1. Let o = 2240 - 2093. Suppose o = z + 4*p, k*z + z - 5*p = 630. List the prime factors of z.
5, 31
Let x = -403 - -410. Suppose x*c - 371 = 5159. What are the prime factors of c?
2, 5, 79
Let w be (((-4)/3)/2)/((-16)/2280). Let q = w + 389. What are the prime factors of q?
2, 11
Suppose 168*r = 26*r + 341652. What are the prime factors of r?
2, 3, 401
Let o(c) = -c**3 + 3*c**2 + 6*c + 38. Let b be o(7). List the prime factors of ((-19)/5)/(36/45)*b.
19, 29
Let z = 16 + -4. Let w(a) = -12 + z - 3*a**2 + 11*a**2. List the prime factors of w(2).
2
Let c(y) = -y**3 + 7*y**2 + 6*y - 33. Let f be c(7). What are the prime factors of 740/f - 3/((-135)/(-10))?
2, 41
Let n be 33/(-55) + (-1 - (-1284)/15). Suppose 2*j + n = j + 4*x, 0 = x - 5. Let c = j + 179. List the prime factors of c.
5, 23
Let p be (32/10)/(14/35). Suppose -5*l + p = -2. Suppose -g = -2*k + 4*g + 64, -72 = -l*k + 3*g. List the prime factors of k.
2, 3, 7
Let t = -11309 - -20214. What are the prime factors of t?
5, 13, 137
Let a(u) = 16*u**3 - 4*u - 3. Let m be a(-1). What are the prime factors of ((-5)/m*-3)/((-2)/2386)?
1193
Let g(j) be the first derivative of -50*j**2 - 3*j - 3. Let a be g(1). Let t = a + 145. What are the prime factors of t?
2, 3, 7
Suppose 507 = -21*k + 8*k. Let a = k + 27. What are the prime factors of 13 + (-2 - a/4)?
2, 7
Let v be (-3)/1*(0 - 3). Suppose -5*f + 140 = v*f. Let d(q) = q**2 - 7*q - 11. List the prime factors of d(f).
19
Let x(j) = 145*j + 40. Let p be x(8). Suppose -4*c = 2*c - p. List the prime factors of c.
2, 5
Let x be (485/194)/((-2)/844). Let v = x + 2022. What are the prime factors of v?
967
Let q(i) = -7*i + 5. Let p be q(8). Let v = -50 - p. List the prime factors of (-1694)/(-44)*((v - 2) + 3).
7, 11
Let w = 311 + -309. Suppose w*d = 3*y + 249, -4*y - 375 = 2*d - 5*d. List the prime factors of d.
3, 43
List the prime factors of 324/(-18) + 18479 - 14.
3, 11, 13, 43
Suppose -34*c + 33*c - 14 = 0. Let n be (36592/28)/4 - 4/c. Suppose 0 = -5*b + 2*k - 5*k + n, 4*b - 4*k = 236. What are the prime factors of b?
3, 7
Suppose -3*h - 423 = -3*m, -2*m - 4*h + 62 = -238. Suppose -3*l - m = u, 0 = -3*u - 2*l - l - 456. Let g = u + 274. What are the prime factors of g?
2, 59
Let o(f) = 3*f**2 + 49*f + 29. Let g be o(-16). Suppose 2301 = g*s + 702. List the prime factors of s.
3, 41
Let b = 76116 - -5737. List the prime factors of b.
81853
Suppose -q + 2*i - 26 = 0, 0 = 4*q + q + 3*i + 104. Let s = q - -25. Suppose k - s*k = 4*d - 154, 0 = -2*d. What are the prime factors of k?
7, 11
Suppose -64*t + 30*t - 311745 = -55*t. What are the prime factors of t?
5, 2969
Let h(v) = 2*v**3 - 13*v**2 + 2*v - 61. Let q be h(7). Suppose q*m = -o + 1074, 3*o = o + 5*m + 2103. What are the prime factors of o?
2, 7, 19
Let g(i) = -21 - 11*i + 5*i + 44*i. Let f(c) = 2*c**2 + 10*c - 24. Let a be f(-7). List the prime factors of g(a).
131
Let l(t) = t**3 + 9*t**2 - 11*t - 10. Let q be l(-10). Let m be q - (1 - -2)/3. What are the prime factors of 4/(-6) - ((-660)/18 - m)?
5, 7
Suppose -8*o + 4*o - 6 = -2*r, 5*o - r = -9. What are the prime factors of (9/((-18)/337))/(1/o)?
337
Let l(m) = 13*m**2 + 2*m - 1. Let o be l(1). Let t = o - 7. Suppose 2*b - 449 = -t*v + 2*v, 4*b + 376 = 4*v. What are the prime factors of v?
7, 13
Let a(b) = 19*b**2 - 5*b - 6. Let z be 0 - -3*20/12. Let o be a(z). Suppose 5*g = o + 61. What are the prime factors of g?
101
Suppose -25*g + 68378 = -34422. List the prime factors of (-60)/8*g/(-40).
3, 257
Let b(d) = -5802*d + 7792. What are the prime factors of b(-13)?
2, 41609
Let z = 395 + -387. What are the prime factors of (-111350)/(-136) - (-2)/z?
3, 7, 13
Let b(f) = f**2 + 7*f - 28. Let t be b(-10). Let m be (-32)/(-8) + 1 + -3 + t. Suppose 83 = m*v - 777. List the prime factors of v.
5, 43
Let r(n) = -3*n**3 + 42*n**2 + 73*n + 97. List the prime factors of r(-13).
3, 11, 389
Suppose 0 = 6*o - 9*o - p - 10, 0 = -3*p + 6. List the prime factors of 612/(-30)*70/o.
3, 7, 17
Let n = -249 - -242. Let q(p) = 7*p**2 - 18*p + 1. What are the prime factors of q(n)?
2, 5, 47
Suppose 0 = 15*x - 27*x + 2940. Suppose 244*n = x*n - 126. List the prime factors of n.
2, 3, 7
Let o(b) = -2*b**2 + 21*b - 7. Suppose 0 = -2*d + 6*d - 40. Let s be o(d). Suppose 115 - 31 = s*i. List the prime factors of i.
2, 7
What are the prime factors of (5 - (-55)/(-10))/(13/(-1315574))?
50599
Suppose 4*g - 69 = -5*k, k + 19 = -2*g + 52. Suppose 5*y = -5*a + 4900, -g*y = -17*y - 5*a + 960. What are the prime factors of y?
5, 197
Suppose 23*k - 27*k + 6836 = 0. Suppose 2*b + 3*w = -295 + 1441, -3*b - 2*w = -k. What are the prime factors of b?
3, 7
Let r be (-5)/(-20) - -6*5/40. What are the prime factors of 132/22 + (819 - r)?
2, 103
Suppose 1446532 = 94*l - 1146646. List the prime factors of l.
7, 563
Suppose -15 = 3*u, -5143 = -w - u + 1161. What are the prime factors of w?
3, 701
Let z(k) = -83*k + 3. Suppose 3*q - 3*t + 30 = -0*q, -10 = 4*q + 2*t. List the prime factors of z(q).
2, 11, 19
Suppose -3*l - 57*j + 23803 = -52*j, 2*j = -2*l + 15874. List the prime factors of l.
3, 2647
Let u = 158 - 49. Let t = 109 - u. List the prime factors of (3 + -76)/(t - 1/2).
2, 73
Suppose -22*n = -16*n. Suppose n = 5*l - 2*d - 114, -5*l - 3*d = -0*d - 104. List the prime factors of l.
2, 11
Let o = 3937 + -2643. What are the prime factors of o?
2, 647
Let l = 219 + -133. Let n = -90 + l. Let c(d) = -2*d**3 - 5*d + 2. What are the prime factors of c(n)?
2, 3, 5
Suppose p - 5 = -u, -2*u - 9 - 9 = -5*p. List the prime factors of (-28405)/(-52) - -1*3/p.
547
Let l(k) = 4*k**3 - 40*k**2 + 7*k - 139. List the prime factors of l(17).
2, 1009
List the prime factors of -109 + 116 - -130*(1 + 70).
3, 3079
Suppose 0 = -105*k + 37*k + 2624460. List the prime factors of k.
3, 5, 31, 83
Let p(c) = -c**2 + 2. Suppose 3*j - z - 4 = 0, 16 = 3*j + 2*j - 4*z. Let k be (j + 1 + -1)*(-1)/(-1